{"id":11,"date":"2020-06-12T00:20:42","date_gmt":"2020-06-11T22:20:42","guid":{"rendered":"http:\/\/www.gregtrans.net\/?page_id=11"},"modified":"2023-05-23T13:14:44","modified_gmt":"2023-05-23T11:14:44","slug":"g-r-e-g-t-r-a-n-s-2","status":"publish","type":"page","link":"https:\/\/www.gregtrans.net\/","title":{"rendered":"G R E G   T R A N S"},"content":{"rendered":"\n<p>Sp\u00f3\u0142ka z Ograniczon\u0105 Odpowiedzialno\u015bci\u0105<\/p>\n\n\n\n<p>dawniej  GREGTRANS Grzegorz Pawelczyk<\/p>\n\n\n<h1>Jeste\u015bmy firm\u0105 zajmuj\u0105c\u0105 si\u0119 transportem mi\u0119dzynarodowym towar\u00f3w samochodami z naczepami firankami<\/h1>\n<p><a role=\"button\" href=\"#\"><br \/><\/a><br \/><iframe src=\"https:\/\/maps.google.com\/maps?q=radomska%2024%2C%20ma%C5%82%C4%99czyn&amp;t=m&amp;z=5&amp;output=embed&amp;iwloc=near\" frameborder=\"0\" marginwidth=\"0\" marginheight=\"0\" scrolling=\"no\" aria-label=\"radomska 24, ma\u0142\u0119czyn\"><\/iframe><\/p>\n<h4>Nasza lokalizacja<\/h4>\n<p>Adres<\/p>\n<p>Radomska 24<br \/>26-634 Ma\u0142\u0119czyn<br \/>Polska<\/p>\n<p>Kontakt<\/p>\n<p>Telefony:\u00a0 \u00a0 \u00a0 \u00a0 \u00a0 \u00a0 \u00a0 \u00a0 \u00a0 \u00a0 \u00a0 \u00a0<br \/>+48 605 851 646\u00a0 \u00a0 \u00a0 \u00a0 \u00a0 \u00a0\u00a0<br \/>+48 888 24 20 20<\/p>\n<p>Email : gregpa@o2.pl<\/p>\n<p>Pracujemy w godzinach<\/p>\n<p>W dni robocze 08:00 &#8211; 21:00<\/p>\n<p>Pozosta\u0142e 09:00 &#8211; 19:00<\/p>","protected":false},"excerpt":{"rendered":"<p>Sp\u00f3\u0142ka z Ograniczon\u0105 Odpowiedzialno\u015bci\u0105 dawniej GREGTRANS Grzegorz Pawelczyk Jeste\u015bmy firm\u0105 zajmuj\u0105c\u0105 si\u0119 transportem mi\u0119dzynarodowym towar\u00f3w samochodami z naczepami firankami Nasza lokalizacja Adres Radomska 2426-634 Ma\u0142\u0119czynPolska Kontakt Telefony:\u00a0 \u00a0 \u00a0 \u00a0 \u00a0 \u00a0 \u00a0 \u00a0 \u00a0 \u00a0 \u00a0 \u00a0+48 605 851 646\u00a0 \u00a0 \u00a0 \u00a0 \u00a0 \u00a0\u00a0+48 888 24 20 20 Email : gregpa@o2.pl Pracujemy w &hellip; <\/p>\n<p class=\"link-more\"><a href=\"https:\/\/www.gregtrans.net\/\" class=\"more-link\">Czytaj dalej<span class=\"screen-reader-text\"> \u201eG R E G   T R A N S\u201d<\/span><\/a><\/p>\n","protected":false},"author":1,"featured_media":0,"parent":0,"menu_order":0,"comment_status":"closed","ping_status":"closed","template":"","meta":{"footnotes":""},"class_list":["post-11","page","type-page","status-publish","hentry"],"_links":{"self":[{"href":"https:\/\/www.gregtrans.net\/index.php\/wp-json\/wp\/v2\/pages\/11","targetHints":{"allow":["GET"]}}],"collection":[{"href":"https:\/\/www.gregtrans.net\/index.php\/wp-json\/wp\/v2\/pages"}],"about":[{"href":"https:\/\/www.gregtrans.net\/index.php\/wp-json\/wp\/v2\/types\/page"}],"author":[{"embeddable":true,"href":"https:\/\/www.gregtrans.net\/index.php\/wp-json\/wp\/v2\/users\/1"}],"replies":[{"embeddable":true,"href":"https:\/\/www.gregtrans.net\/index.php\/wp-json\/wp\/v2\/comments?post=11"}],"version-history":[{"count":18,"href":"https:\/\/www.gregtrans.net\/index.php\/wp-json\/wp\/v2\/pages\/11\/revisions"}],"predecessor-version":[{"id":135,"href":"https:\/\/www.gregtrans.net\/index.php\/wp-json\/wp\/v2\/pages\/11\/revisions\/135"}],"wp:attachment":[{"href":"https:\/\/www.gregtrans.net\/index.php\/wp-json\/wp\/v2\/media?parent=11"}],"curies":[{"name":"wp","href":"https:\/\/api.w.org\/{rel}","templated":true}]}}